-14
Evaluate 24 + (9 - -2) - (4 + (8 - 10) + 2).
31
14 - (-13 - ((830 - 853) + (12 - -1 - 0)))
17
-35 - (-88 + 43 - -74)
-64
What is 12 + 38 + (-57 - 35)?
-42
Calculate (-46 - 47) + 77 - (1 - -8).
-25
Calculate -6 + 13 + -2 + (-27 - (-4 - 0) - -2).
-16
What is the value of -1 + 0 + 17 - ((-64 - -130) + -72)?
22
Calculate 19 - (-326 - -343 - (-57 - 0)).
-55
What is the value of 37 + -18 - 16 - -35 - (1 - -12)?
25
Calculate (0 - -4) + -1883 + 1979.
100
What is 58 + 1 - (171 - 26 - 116)?
30
Evaluate 24 - (15 - (-12 + 1 + 19)).
17
What is the value of 8 + (13 - (11 + -4)) + -12 - -34?
36
Evaluate (3 - -10 - 4) + 325 + -435.
-101
What is (-43 - -18) + (17 - (11 + -14))?
-5
What is the value of 56 + 85 + -31 + -8 + -13?
89
Calculate (-4 - (16 + -27)) + 0 + 0 - -34 - -10.
51
What is 26 + (-92 + -26 - -63)?
-29
Evaluate 120 + -157 + 44 + -98 + -1.
-92
What is 18 - 59 - (62 - 7)?
-96
Calculate 28 + -2 + (4 - (-3 - (-14 - -4))).
23
Evaluate -44 - ((18 - 4 - (50 - 56)) + -28).
-36
What is -31 + 61 + 9 - 18?
21
Calculate (-123 - -46 - (3 + 0)) + (-415 - -425).
-70
Evaluate 104 + (-229 - (106 + -214)).
-17
What is (1081 - 1070) + 68 + 1?
80
Evaluate 1 + -6 + (-87 + 25 - -82).
15
(-1 - 0) + -21 + 8 - (588 + -653)
51
What is -13 - ((1 - (16 - 26)) + -87 + 2)?
61
What is (-13 + 20 - (10 - -8) - -6) + 101 + 5?
101
What is the value of -51 - (10 + -19) - ((8 - (7 + 1)) + -11)?
-31
What is the value of (13 + 55 - 12) + 14 + -23?
47
What is 9 + -27 - (-69 + 4 - 2)?
49
What is 58 + -36 + -18 - (11 + -1)?
-6
Evaluate (-8 + 1 - 1) + 145 + -54 + -89.
-6
Calculate (16 - 1) + -11 - (18 + -9 + 24 + -9).
-20
-8 - -20 - (144 + -111)
-21
What is (-10 - 181) + (-20 - -134)?
-77
What is 116 - 93 - (-9 - (-2 - -1) - -56)?
-25
What is -2 - -9 - (-27 + 15 - -6 - -2)?
11
Evaluate (-17 - (-8 + -20) - -3) + -9.
5
24 - ((-80 - -218) + -4 + -5)
-105
Evaluate 19 + 0 + 246 + (66 - 306).
25
What is the value of 1993 + -1898 + -113 + 5?
-13
What is -398 + 350 + (-3 - -94)?
43
Evaluate 29 + 27 - (87 - 180).
149
What is -1 + 52 + 21 + (-60 - (20 + -55))?
47
Calculate (-78 - -68) + 3 + -1 - (-53 + -1).
46
-20 + (-4 - (7 - 0 - 5)) + (-27 - -28)
-25
What is the value of (1 - 6) + -39 + 1 + (-12 + 42 - 41)?
-54
What is the value of (19 - (52 - -47) - -49) + 71?
40
(2 - 88) + -200 + 179 + 21 + -12 + 5
-93
What is the value of -8 + (1 - 4) + 51 + 176 + -187?
29
Evaluate 0 - -17 - (-12 + 75).
-46
-92 - -83 - -51 - (35 + 1)
6
What is the value of -18 + (26 - -40) + -20?
28
What is the value of 4 + 8 + -13 + (8 - 2) - (10 - -21)?
-26
2 + -2 - (-2942 - -2872)
70
Evaluate 24 - (10 + -36 + 3 + 9).
38
What is the value of -11 + -8 - (-22 - (9 - 22) - -10)?
-20
Calculate -2 + -2 + -23 + -2 + (66 - 43) - 35.
-41
-3 + -3 + -8 + -6 - (-2 + -2) - -1
-15
What is the value of -73 + -40 + 158 + 28?
73
(-8 + 38 - 10) + -28 + 1 + 28
21
Calculate (31 - (-10 + 8)) + (1 - 1) + (8 - 0).
41
Calculate (-44 - -131) + -42 + -2 + 1.
44
Evaluate 22 + (427 - 444 - (-1 - 63)).
69
What is (-3 - 16) + (-11 - -8) + -15?
-37
What is the value of 17 + (6 + 0 + 62 + -57 - 14)?
14
Evaluate (2 - (2 - 1)) + -7 + -3 - (-17546 - -17495).
42
Evaluate -15 - (-11 - (11 - (-2 + 19))) - 24.
-34
What is the value of (-50 - (8 + -85)) + -84?
-57
-1 + (0 - 14) + 3 - (100 + -279 - -247)
-80
Evaluate (-23 - 21 - -79) + -90.
-55
Evaluate (-126 - -61) + -47 - (8 - 33).
-87
Evaluate (-70 - (-2 - 47)) + -11 + -25.
-57
18 - (37 + -54 + 6)
29
Evaluate 15 - 10 - (40 + -22 - -79 - -8).
-100
What is (32 - (-33 - 5)) + -100?
-30
What is (46 - 35) + (83 - -9) - 33?
70
What is -4558 + 4465 - (-1 + (4 - 9))?
-87
What is the value of (-153 - -155) + -6 + (4 - 1) + -9?
-10
What is (-51 - -29) + -19 + (3 - 0) + -3?
-41
Evaluate (0 - 54) + ((-2 - 7) + -5 - -25).
-43
What is 68 + (9 + -23 - (-11 + -3))?
68
What is -10 - -1 - (-1539 - -1563)?
-33
What is -15 - (-17 + 6 + -5 + 12 + 4)?
-15
Calculate -58 - ((14 - 122) + -15).
65
Calculate (18 + -5 - 0) + -6 + 47 + 15 + -4.
65
Calculate 59 + (-60 - -65) - 51.
13
Calculate -50 + -1 + (-4 + -12 - -28) + -18.
-57
What is 135 - (55 + 78 + -2)?
4
What is the value of (-13 - 13 - -205) + -104?
75
Evaluate -12 + 1 - ((24 - 11) + -5).
-19
1447 + -1333 - ((6 - 1) + -3 + 3 + 0)
109
44 + -1 + -9 + -6 + 7 + (19 - 26)
28
Calculate -26 - (3 - 3 - (11 - -6 - 26)).
-35
What is the value of 4 - (-18 + (-10 - -35) - -4) - (-1 - 91)?
85
Calculate 10 - ((-39 - -27) + 36 + -1) - -111.
98
Evaluate -106 - -53 - -54 - (1 + 6 - 7).
1
What is -11 - -14 - ((29 - -1) + (96 - 91))?
-32
Evaluate -87 + -12 + 39 + -8 + 22.
-46
Calculate -8 + 15 + (-8 - -3) + 17 + -23.
-4
Calculate -11 + (-16 - -76) + -40.
9
What is 11 + -20 + (1 - 0) + (74 - (-4 - -3))?
67
Calculate 4 + 2 - 13 - (-23 + 12) - (0 + 111).
-107
Evaluate -13 + (-13 - 11) + 91 + -6.
48
(-151 - -119) + -67 - -80
-19
Evaluate (-7148 - -7103) + (-2 - -143).
96
Calculate 6 + (0 - (-5 + -10)) + 5 + -9 + 5.
22
What is the value of 7 + (-33 - -10) + -3 + (-15 - 0)?
-34
Evaluate -26 + (65 + -91 - -14).
-38
Evaluate 2570 + -2524 + (-5 - -3 - -17).
61
50 - (44 + 23) - (-83 - 0)
66
9 + -8 - 5 - ((5 - (-6 + 13)) + -32)
30
What is 9 + (-2 - (-5 + 9 + -29))?
32
What is 69 + -14 + -3 + -77?
-25
What is -7 - 87 - (147 + -99) - -45?
-97
What is (19 - 5) + -70 + 47?
-9
Calculate ((20 - 18) + -11 - -35) + -72 - (-1 + 5).
-50
Evaluate 782 - 795 - (3 + 16 + 4).
-36
Evaluate 10 - ((-27 - (-13 - 2)) + 16).
6
(-1 - (-6 - (-3 - 1 - (-37 - -39)))) + -1
-2
What is the value of (43 - (-106 + 205)) + 123?
67
What is (69 - -19 - 80) + -79?
-71
What is (11 + -10 - 42 - -20) + 20?
-1
Calculate 6 + 16 + (-1467 - -1392).
-53
(-4 - -1 - (-18 - -18)) + (-4 - (-32 + 1))
24
What is 146 + -1 - ((-46 - (-31 + 38)) + 50)?
148
Calculate -68 + (-31 - -4) + -5.
-100
What is the value of 15 + (4 - -7 - 12) + (1 - 23) + 94?
86
What is -59 - (-1092 + 1082 + (-2 - (2 + 2)))?
-43
What is the value of 3 - (5 + -5) - (-4 + 5 - -12 - 13)?
3
What is the value of -81 - (-71 + 12) - (-1 - 5)?
-16
-34 + (-47 - -44) + 34 - (-1 - -6)
-8
(-16 - (-4 + -1)) + (29 - -15)
33
7 - (13 + (-8 - 0)) - (-46 - -95)
-47
(3 - -39 - -18) + -35 - 40
-15
What is 52 - 25 - 51 - 36?
-60
Calculate 0 - (2 - ((-24 - -55) + -17) - (-24 + 0)).
-12
What is -20 + 1 - (70 + -30 + 22)?
-81
Calculate -46 + (9 - (2 - -9)) + 12.
-36
Evaluate -17 + -27 + 56 - -3.
15
Evaluate 39 - ((-24 - -16) + 65).
-18
Evaluate -8 + 1 + (-39 + 1 - (-23 - -16)).
-38
Calculate (430 - 627) + (-3 - -128).
-72
Evaluate -4 + (0 - (54 + -64 - (-1 - 5))).
0
Evaluate -2 - (-24 - (19 - (-12 + 26))).
27
Calculate -49 + -13 + (0 + 2 - -2).
-58
1636 - 1647 - (-2 - (2 - -73)) - (7 - 0)
59
What is 819 + -938 - (3 + -56)?
-66
-61 - (-1 - (131 + -53))
18
What is 44 - (-23 + -2 + 12 + 51)?
6
-8 + -3 + 0 - ((-13 - 15) + 61)
-44
Evaluate -50 + (20 - -24) + -21 - 23.
-50
(4 - (3 + -4)) + 7 + 13 + (64 - 50)
39
What is the value of 12 + (48 + 1 - (21 + -7 + -6))?
53
What is the value of 819 - 787 - (-10 - -71)?
-29
Calculate 3 + -11 + 8 + -13 + 28 - -10.
25
What is -5 - (1 - (-2 - 1) - (0 - -5))?
-4
What is the value of (-154 - -126) + 20 + 0 + 3 + -33 + 3?
-35
What is -16 + (-8 + -1 - (34 - 42))?
-17
(-2 - -1) + 3 + -446 + 468
24
What is the value of (-5 - -59) + 260 + -349?
-35
What is the value of -123 + (161 - 84) - -82?
36
What is -180 + 196 + (-24 - -18 - (-36 - -1))?
45
What is the value of (15 - 6 - 17) + (8 + 11 - 13)?
-2
What is the value of (2 - (-2 + 36)) + (134 - (68 + 52))?
-18
-110 + 89 + -39 + 11 + -25
-74
What is (-48 - -14) + (10 - 50) + 34?
-40
What is (20 - 22) + 91 + (-14 - (17 - 16))?
74
Evaluate -40 + 54 + -27 - (10 - -1).
-24
Calculate 23 + -5 + -7 - (12 + -2 + -5).
6
What is (5 + 50 - 1) + (-5 + -4 - (1 - 4))?
48
Calculate -26 - (-10 + -5) - (-2 - (-1 + 1)) - 11.
-20
What is the value of 260 - 248 - ((-4 - -6) + -5 - -7)?
8
Calculate 35 + (34 - 13) + -42 - (-1 - (-87 + -1)).
-73
What is -35 - (-6 + -1) - (-3 - 10)?
-15
What is the value of -147 - (-7 - 60) - -55?
-25
What is the value of (22 - (6 - 9 - -7 - -19)) + (29 - -2)?
30
What is ((-2 - (19 + 7)) + 8 - (1 - 7)) + -6?
-20
What is (-43 - -40) + -56 + 94?
35
Evaluate (10 - -2) + -18 + 39 + -48 + 13.
-2
14 - (-46 + -70 + 22)
108
Calculate (-34 - (-69 - -7)) + -40.
-12
What is -5 + -1 + 0 + 31 + (-5 + -11 - -6)?
15
80 + -152 - -36